10 - 3) + 3?
-7
-5 - (-62 - -64 - (1 - -6))
0
What is the value of (-1 - 3) + -1 + (6 - 2)?
-1
What is the value of 5 + -8 - -2 - 3?
-4
What is the value of (-2 - 5) + 13 + -13 + 2?
-5
What is the value of (-16 - (1 + -7) - -7) + 8?
5
What is the value of (-3 - (-7 - -3)) + -3 + -1?
-3
3 - ((1 - -2) + -3)
3
What is the value of 6 + 3 + -6 - (1 + 1)?
1
What is 2 + (4 - (3 + 1)) - 5?
-3
-4 + (-5 - -2 - -9)
2
Evaluate (3 - 3) + 36 + -36.
0
What is 2 - (2 + 3) - (2 + -3)?
-2
Calculate (-2 + -1 - -4) + -1.
0
Calculate -3 + 2 + 4 + 1.
4
3 - -10 - (9 + -5)
9
What is the value of (-1 + 5 - 2) + -3?
-1
Evaluate 1 - (0 - 7 - -7).
1
Calculate -2 + 3 + 2 - 8.
-5
Evaluate 6 - (21 - (19 - 9)).
-5
0 + (0 - (-4 + 3 + -4))
5
0 - 2 - ((6 - 0) + -8)
0
Calculate 3 - (0 + 0) - 3 - -3.
3
Calculate 4 + 1 - (-9 + 21).
-7
What is the value of -37 - -25 - (-12 + -1)?
1
Evaluate (9 - 12 - -7) + 1 + 4.
9
Calculate -2 - (-5 + 16 + -10).
-3
Calculate (38 - 33 - (5 + 2)) + 3.
1
Evaluate 14 + 2 + (1 - 3) - 7.
7
Evaluate -3 - (-2 + (-2 - 2) - 0).
3
What is the value of (0 - -1) + 1 + 3?
5
What is the value of (-188 - -182) + (2 + -3 - -1)?
-6
What is -8 + -5 + (-14 - -21)?
-6
Calculate 9 + 3 + 0 + -5 + -5.
2
What is the value of 7 - 10 - (-4 - -2 - 1)?
0
11 - 10 - (0 + 0) - 1
0
Calculate -4 + (-5 - (2 - (27 + -7))).
9
Calculate -1 - (2 - 6) - (-5 + 4).
4
Evaluate (4 - 4) + -6 - -3 - -1.
-2
Calculate -7 + 3 - (-2 + -3).
1
Evaluate 0 - 5 - (1 - (-4 + 5)).
-5
What is the value of -12 + 31 + -9 + -6?
4
Calculate (0 - (6 + 7 + -7)) + 4.
-2
What is the value of 0 - (-13 + 4 - -14)?
-5
Calculate ((2 - -5) + -7 - 0) + -1.
-1
Evaluate 1 + (-1 - 2) + 1.
-1
9 + (3 - 19) + 0 + 0
-7
What is (0 - -1) + (0 - 1) + 2?
2
What is the value of 6 - (-2 + (-8 - (8 - 15)))?
9
What is the value of -10 + 2 + 2 + 2 - -10?
6
Calculate (-13 - (-27 + 9)) + -12.
-7
Evaluate -8 + (25 - 14) + 3 + 0.
6
Calculate (-7 - -1) + 11 + -13 + 2.
-6
What is (7 + -5 + -3 - 2) + 4?
1
Calculate 0 - -2 - (3 + (6 - 4)).
-3
-6 + 0 + (-4 - (0 - 7))
-3
Evaluate (-2 - (1 + 2)) + 5.
0
Calculate (-10 - -5 - -3) + 1.
-1
What is 3 + 2 - 4 - 0?
1
What is the value of -4 + 7 + -1 + -3?
-1
Evaluate 4 + 10 + -1 + -14.
-1
What is 6 - (-4 - -2 - (-2 + -1))?
5
What is 3 + (-3 - (-4 - -2))?
2
Evaluate (1 - -3) + -11 + -4 + 13.
2
What is the value of -9 + 6 - -2 - 0?
-1
Evaluate 8 - (4 - 10 - -8).
6
-4 + (-8 - (-12 + (8 - 3)))
-5
What is (6 - 12 - -3) + 7?
4
Evaluate -1 + (2 - (-2 - -8)) - -11.
6
Evaluate 5 - 3 - (3 - 2).
1
What is the value of (22 - (6 + 11)) + (1 - 3)?
3
What is the value of 8 - (0 - 6 - (-13 - -2))?
3
Evaluate (7 - 9) + 3 + -5.
-4
-1 + 1 + 0 - -1
1
Evaluate 3 + -9 - (11 + -23).
6
Calculate 3 + (5 - 7) + 2 + -1.
2
-8 - (5 - (-6 - -15))
-4
Calculate (11 - (15 - 2)) + -1 + 6.
3
(6 - ((13 - 3) + -2)) + 3
1
What is the value of 0 + 0 + 8 + -10 + -3?
-5
(3 - 7) + (0 - -1) - -1
-2
1 + (0 - (9 + -7 + 4))
-5
Evaluate 3 - 1 - (-13 + -3 + 17).
1
What is the value of 2 - -1 - (132 - 132)?
3
Calculate 2 + -20 + 7 + 5.
-6
Evaluate 3 - 0 - (0 + 0).
3
1 + 3 + (8 - 12)
0
Evaluate 2 + 0 + -1 + -4 + 2.
-1
-7 + (0 + 2 - -2)
-3
What is the value of 7 + 1 - 5 - 1?
2
-1 - 2 - (200 + -202)
-1
What is (3 - (4 + -2 - -1)) + -4?
-4
-2 - (7 + -12 - -2)
1
Calculate -2 + (4 - (2 + 4 - 5)).
1
4 - (1 + (9 - 3) - 5)
2
Evaluate 5 + (2 - (2 - -2)) - -4.
7
Calculate -17 - (1 + -12 - -4).
-10
-13 - -13 - (0 - 4)
4
What is -3 - (1 - (1 + -2) - 6)?
1
Calculate 4 + (-4 - -8) - 13.
-5
Calculate (-24 - (10 + -22)) + 19.
7
Calculate -11 + 8 + (6 - (-2 + 1)).
4
-4 + (2 - -1) - -3
2
Calculate -6 - (2 + 7 - 22).
7
What is 6 + (-6 + -10 - -1)?
-9
What is -14 - -11 - (2 - (1 - 1))?
-5
Calculate 4 - (-23 - -28 - (1 + 0)).
0
-9 - (-4 - -4) - -4
-5
What is (-10 - -2) + 1 + 11?
4
What is -114 + 120 + 2 + -7 + -2?
-1
-2 + (-2 - (-8 + 4) - 7)
-7
What is the value of 6 + (6 - (2 - (8 + -17)))?
1
-4 - (0 + (-2 - (2 + -5)))
-5
Calculate -4 + 12 + (0 + -2 - 2).
4
What is the value of 0 + -1 - (-8 + 1 + 2)?
4
Evaluate 1 + (1 - 3) - (-3 + -1).
3
(3 - (-7 - (-16 + 0))) + 6
0
8 + 6 + -1 - 6 - 4
3
What is the value of 7 - (-2 - (-7 + 4 + -1))?
5
Calculate 1 + -8 + 3 + (-1 - -5).
0
Calculate 2 + 5 + (-7 - 4).
-4
What is -9 + (-7 + 2 - -20)?
6
What is the value of -1 + (-1 - 7 - -4) + 2?
-3
Evaluate -4 + (2 - (4 - 5)).
-1
Evaluate (1 - 0 - 3) + (20 - 21).
-3
What is -10 - -3 - (2 + -4)?
-5
What is the value of -7 + 3 + 0 + 8?
4
(22 - 10) + -8 - 9
-5
What is 7 + (-1 - -7) + -6 - 7?
0
Evaluate 12 - 3 - (-1 - -8).
2
What is -5 + (-5 - (-9 + -1) - 6)?
-6
What is the value of -5 + (-3 - (0 - 9) - 3)?
-2
Calculate 4 + -7 + 6 + (-8 - 4).
-9
(-9 - -4 - -3) + 6
4
Calculate -1 + -4 + 1 - (-8 + -1).
5
Evaluate -3 - (-10 + (-5 - (2 + -9))).
5
Calculate -8 + (-11 - -10) + 17.
8
What is the value of 2 - -2 - (-4 + 8 + -8)?
8
-4 + -4 + 11 + -7
-4
What is -11 - (15 + -8 + -13)?
-5
0 + (-5 - -3) - (-1 - -1)
-2
Evaluate (14 - (4 - -3)) + -12.
-5
What is the value of -1 + 2 + 0 + 0?
1
What is the value of (10 - (4 - 1)) + 1?
8
Calculate (-5 - -7) + -6 - -1.
-3
Calculate 0 + -3 + 1 - (27 - 34).
5
What is the value of 3 - (-8 + 2) - 2?
7
What is the value of 7 + (5 - 6) - (-2 + -1)?
9
-1 + 1 + -5 + 0
-5
2 - (-2 + 4 + -4)
4
What is -6 - (-8 + 7 + -10)?
5
Evaluate 0 + ((-3 - 0) + 0 - -4).
1
What is (9 - 7) + -11 + 12?
3
Calculate (3 - 1) + 0 - (-1 + -1).
4
Evaluate (-5 - 8 - 1) + 13.
-1
What is the value of 7 - (-2 + (7 + 3 - 0))?
-1
What is the value of (-10 - -10) + (2 - -7 - 2)?
7
-4 + -1 + 0 + 1
-4
Calculate -3 + 2 - (4 + 7 - 5).
-7
What is the value of 5 - (-5 + 10 + -2)?
2
Evaluate 4 - (2 - (2 + 0) - -2).
2
What is 4 - (5 - (-1 - 5)) - -6?
-1
5 - (3 - 6 - (-4 - 4))
0
Calculate 4 - (0 - (2 + 3 + -2)).
7
What is -8 - ((9 - 0) + -14)?
-3
Evaluate 37 + -45 + -1 + 6.
-3
Calculate 0 - (0 + -4 - -3).
1
What is the value of -5 + (5 - 10 - -6)?
-4
What is (1 - -3) + (1 - 4 - -4)?
5
Evaluate 5 - (-1 + (7 - 0)).
-1
What is 3 + -6 - (-1 + (-1 - 0))?
-1
Evaluate 4 + (8 - 2) + -1 - 1.
8
What is 1 - (2 + (-5 - 1 - 0))?
5
(4 - 0) + -1 + 2
5
Calculate (-5 - (-2 + -4)) + 1 + -1.
1
Evaluate 21 - 13 - (5 - -5).
-2
What is 3 - (-1 - 1) - (147 + -136)?
-6
What is the value of -1 + 1 - (-25 - -24)?
1
-11 - (-4 + 9 - 10)
-6
Evaluate (5 - 7) + 2 + 1 - 2.
-1
Evaluate 2 + 1 + -3 + 1 - -1.
2
5 - (-23 - -21 - (-8 - -1))
0
Evaluate -2 - (4 + -10) - 3.
1
Evaluate -8 + 12 + 0 + 1.
5
What is the value of 0 - (-1 + (-3 - -4))?
0
Calculate -4 + (-8 - -3 - (-3 - 3)).
-3
Evaluate -14 + 7 + 0 + 2.
-5
Evaluate -1 - -3 - 7 - -7.
2
Evaluate -2 + -2 + (-3 - -9) - 4.
-2
What is 7 + -3 + 4 + -5?
3
What is the value of 0 - 5 - 2 - (0 + -3)?
-4
Calculate -11 - -32 - 12 - 6.
3
What is the value of 4 + (-5 - 0) + 5?
4
What is the value of (2 - (-3 + 5)) + 2 + 5?
7
Calculate 0 + 3 + (6 + 1 - 5).
5
What is the value of -31 - -35 - (0 - 2)?
6
0 + (1 - (5 - 1)) + 3
0
What is the value of -4 + 1 - (-1 - 2)?
0
What is the value of 1 + 4 + 1 + -4?
2
Calculate -4 + -2 + 0 + 3 + 0.
-3
Calculate (1 + -1 - -4) + -6 + 2.
0
What is the value of -1 + 5 - 7 - 0?
-3
(-10 - (7 - 13)) + (0 - -3)
-1
What is (-2 - 1) + (-8 - -12 - -1)?
2
(-6 + 1 - -1) + (-7 - -10)
-1
What is (2 - (3 - 13)) + -6?
6
1 - (-2 + (-2 + 5 - 1))
1
Evaluate -14 + 15 - (7 + -1).
-5
What is 14 - 7 - (10 - 5)?
2
What is the value of (2 - (3 - 3)) + -1 + 1?
2
What is the value of (-8 + 16 - 13) + -1?
-6
Evaluate 1 + -1 + (4 - 0 - 5).
-1
What is the value of (-1 + 5 + -4 - -1) + -1?
0
What is the value of -9 + (12 - 0) - 2?
1
What is the value of -2 + (5 - 1) + -29 + 27?
0
What is the value of (3 - (2 - -3)) + -1?
-3
-11 + 8 + -8 + 11
0
What is 7 + (-3 - -3 - (-1 - -3))?
5
What is -12 + 5 - (-15 - -5)?
3
What is the value of (-9 - (0 + 1)) + 9?
-1
5 + (1 + 3 - 2) - 5
2
6 + -7 + 6 + -13 + 10
2
Evaluate 0 + (8 + -5 - 4).
-1
Evaluate (9 - 12) + (-1 - -4).
0
Evaluate 14 + (-2 - 2) - 15.
-5
Evaluate 1 + 0 + 2 - 7.
-4
Calculate -1 + (5 + -4 - 5) + 11.
6
What is the value of 2 + (5 - 12 - -2) + 4?
1
5 - 1 - (-30 + 29)
5
Calculate (2 + -5 + -2 - -1) + 4.
0
What is the value of 3 + -2 + -1 - 4?
-4
1 - (-3 - (-6 + 5) - 2)
5
2 + 3 + 1 - 4
2
What is the value of (4 - 1) + 4 - (22 - 10)?
-5
Calculate -5 - (-5 + -3 + 0) - 1.
2
4 + 3 + -9 + 1
-1
Evaluate -10 + (9 - (11 + -3)) + 18.
9
What is the value of 1